2. Let h be 4/(-2)*15/6. What is the units digit of k*h/(-10) + 19/2?
0
Suppose x - 5*d - 4974 = 0, -177*d + 181*d - 25073 = -5*x. What is the units digit of x?
9
What is the tens digit of ((-318)/53)/((-4)/734)?
0
Let d = -163 - -109. Let h be (d/(-1))/(4/12). What is the units digit of h/2 - 0/(-5)?
1
Let t(r) = 3*r**2 + 69*r + 12. Let h be t(-23). Suppose h*u - 6*u - 7428 = 0. What is the units digit of u?
8
Suppose 7*r + 15 = 36. Let s = -83 + 137. Suppose 0 = o - 3*o + 4*l + s, r*l = -15. What is the tens digit of o?
1
Let g(u) = 6*u - 25. Let o be g(-8). Let y = 63 + o. Let r(c) = -22*c - 58. What is the tens digit of r(y)?
6
What is the thousands digit of -2 + (-1 - (3 - 4)/1*17947)?
7
Suppose -4*v + c + 5 = 0, 0 = 3*v + c + 4 + 1. Suppose -5*r + 430 + 4205 = v. What is the units digit of r?
7
Let y = 6219 + 4774. What is the tens digit of y?
9
Let k(v) = 544*v**2 + v - 15. What is the units digit of k(-3)?
8
Suppose -2*j - 4 = -3*r - j, -5*r + 2*j + 8 = 0. Suppose -5*s - o - 395 = -951, r = -2*o - 8. What is the tens digit of s?
1
Let k(s) = -s**2 + 25*s + 17. Let d be k(21). Suppose 3*r + 110 = 5*r. Let t = r + d. What is the tens digit of t?
5
Suppose 8019 = -4*d + 3*p + 29282, -3*d + 15966 = 4*p. What is the hundreds digit of d?
3
Suppose 30*a - 8316 = 24*a. What is the units digit of 5 + 0 - a/(-3)?
7
What is the thousands digit of 1/((60/11950)/6)?
1
Suppose -13*u = -11340 + 3462. Let m = u - 317. Suppose 0 = -5*y - 5*s + 2*s + 287, m = 5*y + s. What is the tens digit of y?
5
Let o = 38771 - 404. What is the ten thousands digit of o?
3
Suppose -32143*n + 2133466 = -32109*n. What is the thousands digit of n?
2
Let x(i) = 943*i + 407. What is the hundreds digit of x(11)?
7
Suppose 3*i + 5*v = -5, 0 = 3*i - 5*v + 1 - 6. Suppose 7*r - 2184 = -i*r. What is the tens digit of r?
1
Let h be (-2)/(-5)*(5 - (-30)/(-2)). Let g(w) = -209*w - 126. What is the tens digit of g(h)?
1
Suppose 2*d - 3*v + 10 = v, 2*d - 5*v = -13. Let i(o) = 477*o**3 + o**2 - 3*o + 3. What is the hundreds digit of i(d)?
4
Suppose 2*h + 140 = 174. Let l = 41 - h. Suppose -3*f - 2*w + 24 = w, f = -5*w + l. What is the units digit of f?
4
Suppose 45*a = 4*a + 133455. Let h = -1443 + a. What is the thousands digit of h?
1
Let j = -308 + 319. Let q(i) = 6*i**2 + 35*i - 2. What is the tens digit of q(j)?
0
Let k = 33719 - 6632. What is the thousands digit of k?
7
Let w = 148 - 79. Let l = 72 - w. Suppose -4*n - 571 + 196 = -5*m, -l*m + 217 = -4*n. What is the units digit of m?
9
Let g(r) = -3*r + 7. Let w(m) = m**3 + 5*m**2 - m + 1. Let q be w(-5). Suppose 0 = -27*j + 30*j + q. What is the units digit of g(j)?
3
Suppose -6329 = 5*q - 5*u + 10436, -u = -5. What is the hundreds digit of (2/(-2) + -34)*q/434?
2
Suppose 2*n = -x + 1162, -57*x + 53*x + 2*n = -4658. What is the hundreds digit of x?
1
Let t = 630 - 630. Suppose t = 25*u + 25*u - 54350. What is the tens digit of u?
8
Suppose 0 = 4*p + 6*z - 4*z - 16, 0 = z. Suppose p*s = -4*b + 1428, 6*s = 4*s + 8. What is the units digit of b?
3
Suppose 5*d + 1613 = 11493. What is the thousands digit of d?
1
Suppose 48*o = 44*o - 28, -5*o = 5*d - 121555. What is the hundreds digit of d?
3
What is the tens digit of 3 + 620050/80 - (-15)/40?
5
Suppose -9*n - 28548 = -11*n - w, 2*n + 3*w - 28536 = 0. What is the thousands digit of n?
4
Suppose -h + 67828 = 4*o, 27*o + 135602 = 2*h + 26*o. What is the thousands digit of h?
7
Suppose 0 = -3*x - 3*z + 95358, x - 3*z - 34517 + 2707 = 0. What is the thousands digit of x?
1
What is the thousands digit of (-55)/(880/(-96))*(-8024)/(-6)?
8
Suppose 4*v + 4*h - 4244 = 0, -1365 - 1833 = -3*v + 2*h. Suppose 0 = t + 6*t - v. What is the hundreds digit of t?
1
Suppose 39 - 24 = 5*j. Suppose -796 = -j*n - 4*g, -39*n = -35*n + g - 1057. What is the hundreds digit of n?
2
Let h(a) = 33*a - 129. Let x be h(4). Suppose t - 196 = -3*i, -3*t - x*i = -4*i - 538. What is the tens digit of t?
8
Let x(y) = 4*y - 92. Let k be x(37). Suppose 9*f = 2*g + 7*f - 44, 4*f = -4*g + k. What is the units digit of g?
8
Suppose -7*p = 5*p - 76116. What is the hundreds digit of p?
3
Let i = -188 + 190. Let h(m) = -15*m**2 + 2*m - 1. Let f(s) = -15*s**2 + 2*s - 2. Let u(l) = 2*f(l) - 3*h(l). What is the units digit of u(i)?
5
Let l(s) = -3*s**2. Let o(k) = 15*k**2 + 4*k - 4. Let f(z) = 6*l(z) - 3*o(z). Let x be f(8). What is the tens digit of x/(-54) + (-2)/9?
7
Let x(t) = -332*t**3 + 4*t**2 + 35*t + 196. What is the tens digit of x(-4)?
6
Let r be (-8)/(-2) - ((-740)/(-5) - -2). Let g = 148 + r. What is the hundreds digit of g*-1 + -3 + 3 + 130?
1
Let s(h) be the first derivative of h**5/20 - 5*h**4/12 + 5*h**3/6 + h**2 - 6*h - 11. Let n(y) be the first derivative of s(y). What is the units digit of n(4)?
6
Let b(s) = 5*s**2 - 170*s + 227. What is the units digit of b(53)?
2
Suppose -d = -2*i + 15, -i = -3*i + 10. Let z(a) = a**2 + 15*a + 5. Let b(r) = -r - 1. Let y(l) = d*b(l) - z(l). What is the tens digit of y(-3)?
2
Let t = -1783 - -1042. Let z = t - -507. Let m = z - -431. What is the units digit of m?
7
Suppose 3*n = -6, -5*j + 52949 = 382*n - 384*n. What is the thousands digit of j?
0
Let r(t) = 7*t**3 - 6*t**2 - 127*t - 332. What is the thousands digit of r(18)?
6
Suppose -3*n - 620 = 5*y - 122, -4*n + 526 = -5*y. Let a be ((-98)/21)/(106/y + 1). Let j = a + -19. What is the tens digit of j?
0
Suppose 0 = -7*i - 0*i - 28. Let a be i/(-12) - 2*(-1)/(-6). Suppose -5*u = f - 45, 2*f + 2*f + u - 275 = a. What is the tens digit of f?
7
Suppose -1981738 = -515*q - 5392232 + 18098294. What is the units digit of q?
0
What is the tens digit of -2*1*((-3170)/60 + -11)*15?
1
Let x(u) be the first derivative of 9*u - 1/4*u**4 + 10*u**2 + 4*u**3 + 21. What is the tens digit of x(13)?
0
Let h(a) = 11 + 7 - 3 + 11*a + 1. Let b(p) = -p**3 + 5*p**2 + 7*p + 3. Let q be b(6). What is the units digit of h(q)?
5
Let w = -13053 + 31066. What is the thousands digit of w?
8
Suppose 4*f + 13*n + 12 = 14*n, 2*f - 2*n = 0. What is the units digit of 1213 + 4*(-7)/f?
0
Let p = 50 + -42. Suppose -2*f - 3*y = -18 - 26, 2*y + p = f. Suppose -f = -3*s + 2*s. What is the tens digit of s?
1
Let t(y) be the first derivative of 2*y**3/3 + 5*y**2 + 4*y + 16. Let w be t(-5). Suppose -8*a = -6*a - w. What is the units digit of a?
2
Let v(a) = -8*a**3 + 2*a**2 + 66*a + 180. Let f(d) = -12*d**3 + 2*d**2 + 98*d + 271. Let w(m) = 5*f(m) - 7*v(m). What is the tens digit of w(-6)?
4
Let h = 355 - -849. Suppose -7*b - 371 + h = 0. What is the units digit of b?
9
Let o = -22488 + 34837. What is the hundreds digit of o?
3
Let c(q) = 1809*q - 407. What is the units digit of c(6)?
7
Suppose 0*r - 10 = -5*k - 2*r, 3*r = 4*k - 31. Suppose k*b + 60 = 5*b. Suppose 46 = 2*a - b. What is the tens digit of a?
5
Let y = 321 + -104. Let t = y - 84. Suppose t = -6*q + 1129. What is the hundreds digit of q?
1
Let s(h) = -4*h**3 + 6*h**2 - 10*h - 24. Let i be s(6). Let y = i - -1220. What is the tens digit of y?
8
Let b be ((-999)/(-12))/(3/12). Suppose -4979 = -16*i + b. What is the hundreds digit of i?
3
Suppose 110 = 6*h - h. Let o(q) = -q**3 - 3*q**2 + 8*q + 23. Let t be o(-5). Let z = h + t. What is the units digit of z?
5
Let u = 107 - 134. Let r(d) = -d**3 - 29*d**2 - 68*d - 60. What is the tens digit of r(u)?
1
Let f(h) = 682*h**2 - h - 1. Let d be f(-1). Suppose 4*t = 3*p + 1516, -98 = -2*t - 4*p + d. Suppose -c - c = -t. What is the tens digit of c?
9
Suppose -p + 25 - 5 = -3*y, 0 = 4*p - 4*y - 40. Suppose p*g - 8 = 3*q, -g - q = 2*g - 16. Suppose f + 10 - 89 = 2*a, 0 = g*a + 20. What is the tens digit of f?
6
Suppose 443346 = -10849*t + 10868*t. What is the thousands digit of t?
3
Let n = -25 + 31. Let i(t) = n + 1 - 50*t + 39*t - 3. What is the units digit of i(-5)?
9
Let g(p) = 2*p**3 + 11*p**2 + 8*p + 24. Let q be g(-5). What is the units digit of (q/(-36))/(((-3)/(-284))/(-3))?
1
Suppose 7*h - 49 = -7. Suppose 4*p + 3*b = 0, 0 = -h*b + 3*b. Suppose 12*k - 14*k + 140 = p. What is the tens digit of k?
7
Let r(j) = -9*j + 2. Let h be r(-2). Let n = 19 - h. What is the units digit of ((-3534)/76)/(n/(-4)*-3)?
2
Suppose 0 = 4*s + 2*i - 35900, -5*s + 47987 = 4*i + 3106. What is the tens digit of s?
7
Suppose 22*l + 58 - 14 = 0. What is the tens digit of (-13